 278411 is divided by 21?
14
Calculate the remainder when 6947 is divided by 6487.
460
What is the remainder when 5827633 is divided by 35973?
7
Calculate the remainder when 37595198 is divided by 954.
920
Calculate the remainder when 523317561 is divided by 66.
63
What is the remainder when 373231 is divided by 114?
109
What is the remainder when 34872 is divided by 1216?
824
What is the remainder when 544233 is divided by 8918?
235
What is the remainder when 2853084 is divided by 7?
3
What is the remainder when 195730367 is divided by 92?
91
What is the remainder when 16192796 is divided by 2400?
2396
What is the remainder when 14482158 is divided by 14482110?
48
What is the remainder when 33908781 is divided by 616522?
71
Calculate the remainder when 30809425 is divided by 90.
85
What is the remainder when 354452 is divided by 43303?
8028
Calculate the remainder when 2383026 is divided by 257.
122
Calculate the remainder when 4935460 is divided by 372.
136
Calculate the remainder when 10150073 is divided by 149265.
53
Calculate the remainder when 251175 is divided by 3059.
337
Calculate the remainder when 5592612 is divided by 277.
259
Calculate the remainder when 17956138 is divided by 228.
226
Calculate the remainder when 98847 is divided by 817.
807
What is the remainder when 5471600 is divided by 877?
874
Calculate the remainder when 38237380 is divided by 25390.
40
What is the remainder when 162924 is divided by 1584?
1356
What is the remainder when 112224 is divided by 4374?
2874
Calculate the remainder when 166524 is divided by 673.
293
Calculate the remainder when 134084 is divided by 2298.
800
What is the remainder when 3203529 is divided by 640699?
34
Calculate the remainder when 8747863 is divided by 130563.
142
What is the remainder when 89455 is divided by 18?
13
What is the remainder when 276454420 is divided by 25?
20
What is the remainder when 45562797 is divided by 2580?
2577
What is the remainder when 17084151 is divided by 899165?
16
What is the remainder when 247238 is divided by 125?
113
Calculate the remainder when 41960228 is divided by 183.
158
What is the remainder when 35299387 is divided by 11766462?
1
Calculate the remainder when 2065036 is divided by 409.
404
What is the remainder when 772989 is divided by 1268?
777
What is the remainder when 1199619 is divided by 293?
77
Calculate the remainder when 1446180 is divided by 1289.
1211
What is the remainder when 61576 is divided by 61236?
340
What is the remainder when 152498473 is divided by 25?
23
Calculate the remainder when 593501 is divided by 782.
745
Calculate the remainder when 1283286 is divided by 144.
102
What is the remainder when 3468856 is divided by 591?
277
What is the remainder when 874227 is divided by 653?
513
What is the remainder when 30249627 is divided by 153?
150
Calculate the remainder when 8715364 is divided by 809.
7
What is the remainder when 9251461 is divided by 3604?
3597
Calculate the remainder when 1048965 is divided by 141.
66
What is the remainder when 3072091 is divided by 614312?
531
What is the remainder when 4078 is divided by 3090?
988
What is the remainder when 635629 is divided by 90660?
1009
Calculate the remainder when 4145789 is divided by 561.
560
What is the remainder when 619269 is divided by 1688?
1461
What is the remainder when 857535 is divided by 211?
31
What is the remainder when 44961 is divided by 43708?
1253
Calculate the remainder when 31012292 is divided by 79.
52
What is the remainder when 51053 is divided by 4613?
310
What is the remainder when 250868 is divided by 1888?
1652
Calculate the remainder when 93822 is divided by 6066.
2832
What is the remainder when 27460579 is divided by 2644?
2639
Calculate the remainder when 61723180 is divided by 69.
58
What is the remainder when 971337 is divided by 28568?
25
What is the remainder when 594586546 is divided by 158?
156
What is the remainder when 2492267 is divided by 110?
107
Calculate the remainder when 8616439 is divided by 1435981.
553
Calculate the remainder when 1635455 is divided by 817724.
7
What is the remainder when 36287263 is divided by 119?
117
Calculate the remainder when 8610 is divided by 3439.
1732
What is the remainder when 8309 is divided by 4137?
35
Calculate the remainder when 19235309 is divided by 7.
2
What is the remainder when 2968951 is divided by 44984?
7
What is the remainder when 63502 is divided by 85?
7
What is the remainder when 61704 is divided by 26?
6
What is the remainder when 246803341 is divided by 134?
131
What is the remainder when 1269062 is divided by 297?
278
What is the remainder when 15864651 is divided by 360560?
11
What is the remainder when 405044 is divided by 464?
436
Calculate the remainder when 51054313 is divided by 17.
15
Calculate the remainder when 592881 is divided by 592858.
23
What is the remainder when 8131945 is divided by 406597?
5
What is the remainder when 911258 is divided by 113906?
10
What is the remainder when 143513 is divided by 1794?
1787
Calculate the remainder when 1044579 is divided by 220.
19
What is the remainder when 33204296 is divided by 11?
4
Calculate the remainder when 92048 is divided by 350.
348
Calculate the remainder when 879088 is divided by 146389.
754
What is the remainder when 406467 is divided by 11554?
2077
What is the remainder when 163594567 is divided by 2278?
2275
Calculate the remainder when 182267 is divided by 71.
10
What is the remainder when 13694 is divided by 274?
268
Calculate the remainder when 856520 is divided by 20388.
224
Calculate the remainder when 19645206 is divided by 9822572.
62
What is the remainder when 192047 is divided by 178?
163
What is the remainder when 9322797 is divided by 9322771?
26
What is the remainder when 1495856 is divided by 770?
516
Calculate the remainder when 10644974 is divided by 1683.
1682
What is the remainder when 5330179 is divided by 197414?
1
Calculate the remainder when 24485241 is divided by 123.
0
What is the remainder when 54618558 is divided by 687?
684
What is the remainder when 430684 is divided by 21465?
1384
What is the remainder when 8419310 is divided by 2806317?
359
What is the remainder when 1182057 is divided by 4177?
4143
Calculate the remainder when 20478 is divided by 5042.
310
What is the remainder when 25566 is divided by 8005?
1551
Calculate the remainder when 4852852 is divided by 1617524.
280
Calculate the remainder when 3207264 is divided by 532.
368
What is the remainder when 13334936 is divided by 599?
597
What is the remainder when 15064166 is divided by 93?
26
Calculate the remainder when 822400 is divided by 41120.
0
What is the remainder when 544248 is divided by 407?
89
What is the remainder when 5545242 is divided by 35?
17
What is the remainder when 13719751 is divided by 24?
7
What is the remainder when 2141206 is divided by 147?
4
Calculate the remainder when 279933829 is divided by 491.
490
Calculate the remainder when 1359942 is divided by 4.
2
Calculate the remainder when 186607 is divided by 213.
19
Calculate the remainder when 112238624 is divided by 127.
88
What is the remainder when 34876 is divided by 491?
15
Calculate the remainder when 3823039 is divided by 100606.
11
What is the remainder when 26721 is divided by 915?
186
Calculate the remainder when 101767 is divided by 3506.
93
What is the remainder when 38563480 is divided by 575573?
89
Calculate the remainder when 9037869 is divided by 36.
33
What is the remainder when 13268 is divided by 4339?
251
Calculate the remainder when 2692714 is divided by 56096.
106
Calculate the remainder when 247541 is divided by 139.
121
What is the remainder when 6262078 is divided by 3130948?
182
What is the remainder when 1444489 is divided by 14024?
17
Calculate the remainder when 3410415 is divided by 522.
189
Calculate the remainder when 10126301 is divided by 3256.
141
Calculate the remainder when 764430 is divided by 2316.
150
What is the remainder when 1761990 is divided by 1089?
1077
Calculate the remainder when 374679 is divided by 1629.
9
Calculate the remainder when 2201668 is divided by 508.
504
Calculate the remainder when 1329135 is divided by 6362.
5839
Calculate the remainder when 39314211 is divided by 998.
995
What